 Calculate the remainder when b is divided by 253.
203
Let i = -6872 + 7121. What is the remainder when i is divided by 146?
103
Calculate the remainder when (19 - 21)*(-27837)/54 is divided by 43.
42
Let i(b) = 3*b + 53. Let c(k) = 11*k - 15. Let d be c(0). Calculate the remainder when 27 is divided by i(d).
3
Suppose 0 = 6*g + 2*g + 24. Let b be 3*1 + (-4 - (-8 - g)). Suppose 53 = b*p - 23. What is the remainder when 71 is divided by p?
14
Suppose -3516 + 388 = -17*g. Let s be (18/12)/(((-9)/(-3))/114). Let x = 6 + s. What is the remainder when g is divided by x?
58
Let c = 10326 + -9594. Calculate the remainder when c is divided by 56.
4
Let v be 172/6*6/4. Let z = 73 - v. Suppose -2*r = -6*r + 64. What is the remainder when z is divided by r?
14
Let a = -11049 + 14809. What is the remainder when a is divided by 66?
64
Let c(i) = 1011*i + 7327. Let n = -73 + 124. What is the remainder when c(-7) is divided by n?
46
Let i be (-2)/(25/10 - (-1 - -4)). Suppose 210 = -2*l - i*l. Calculate the remainder when 87 is divided by 7/(l/(-40)) + 5.
9
Suppose 4*x = 97 - 25. Suppose 0 = 12*a - 2*a - 500. Calculate the remainder when a is divided by -35*(x/15)/(-3).
8
Let h(n) = 22 - 3*n - 5 + n. Let k be h(6). Suppose -23 + k = -p. Calculate the remainder when p is divided by 7.
4
Let o = 75 + -50. Let n = 41 - o. Let z = 46 + -17. What is the remainder when z is divided by n?
13
Let b = 36 + -21. Suppose 0*z = -3*z + 5*w + b, 6 = 2*w. Suppose -10*i = -40 + z. Calculate the remainder when 17 is divided by i.
2
Suppose 0 = 31*b - 6280 + 2777. Suppose 5*k = -3*n + 278, 2*n - 224 = -0*k - 4*k. What is the remainder when b is divided by k?
55
Let r = -1148 - -1161. Suppose 0 = -4*c - 5*j + 1210 + 810, -3*j + 1010 = 2*c. What is the remainder when c is divided by r?
11
Suppose 31775 = 60*v + 145*v. Let s(z) = -5*z - 7. Calculate the remainder when v is divided by s(-6).
17
Let p = 998 - 832. Suppose -p = -5*l - q, 3*l + 2*q - 2 - 92 = 0. What is the remainder when 65 is divided by l?
31
Calculate the remainder when 299 is divided by (4 + -7 - -133) + -3 - (-50)/(-50).
47
Let h(s) = 23*s**2 + s. Let w be (2 + -3 - 0) + 0. Calculate the remainder when (74/1332 + 79/(-126))/((-2)/301) is divided by h(w).
20
Suppose -6*n + 2*n = -248. What is the remainder when n is divided by (6/(-18))/(608/(-120) - -5)?
2
Suppose 124*u + 30 = 130*u. Suppose 0 = u*f - 113 - 12. What is the remainder when 124 is divided by f?
24
Suppose 0 = 296*p - 309578 - 426870. What is the remainder when p is divided by 1239?
10
Let i = 473 - 466. Suppose -i*r - 73 = -661. What is the remainder when r is divided by 31?
22
Suppose -3*o - 4*p + 4013 = 0, 5*o - 3406 - 3294 = 5*p. What is the remainder when o is divided by 163?
35
Let u = -77056 + 77271. What is the remainder when u is divided by 3/2*62/3?
29
Let m = -3625 + 3698. Calculate the remainder when 9196 is divided by m.
71
Let y = -516 - -538. Suppose y*z - 364 = 8*z. What is the remainder when z is divided by 2/4*(34 - 4)?
11
Let r = -3021 - -3039. Calculate the remainder when 2050 is divided by r.
16
Suppose 5*a = -4*q + 709, 3*a + 2*a = -q + 691. What is the remainder when 978 is divided by a?
19
Let t = -4699 - -4729. What is the remainder when 1343 is divided by t?
23
Let i(t) = -25*t + 195. Calculate the remainder when 221 is divided by i(6).
41
Let z = 23021 + -22170. What is the remainder when z is divided by 145?
126
Let b = -668 + 287. Let m = b + 421. Calculate the remainder when 173 is divided by m.
13
Let c = 60 - -110. Suppose -4*q = 4*d - 66 - c, -218 = -4*q + 5*d. Calculate the remainder when 113 is divided by q.
56
Suppose -31*z = -36*z + 65. Calculate the remainder when 79170/714 + (-4)/(-34) is divided by z.
7
Let h(s) = -16*s - 9. Let y be h(-2). Let d = y + 57. Suppose 5*l = -4*j + d, 3*j - 2*l + 0*l - 60 = 0. What is the remainder when 98 is divided by j?
18
Suppose 2*c + 0 + 2 = 0, -4*c = -5*l + 79. Calculate the remainder when 36 + (4 + 15 - 29) is divided by l.
11
Let x = 3134 + -3103. What is the remainder when x is divided by 24?
7
Let o(b) = 146*b - 5. Calculate the remainder when o(1) is divided by (-71)/(((-31)/62)/((-1)/(-2))).
70
Let c be (2 + 3)/(2 - 1). Let w(h) = 4*h**2 - 4*h - 7. Suppose -22*b + 3*b + 304 = 0. Calculate the remainder when w(c) is divided by b.
9
Let i = 1333 - 1300. Calculate the remainder when 492 is divided by i.
30
Suppose 4*u + 3*d - d = 106, 4*d + 4 = 0. Let q(v) = 6*v**2 + 1. Let t(k) = 3*k**2 + 26*k - 10. Let p be t(-9). What is the remainder when u is divided by q(p)?
6
Suppose -3*q - 15*p + 19*p = -8516, 0 = -3*q + 3*p + 8520. What is the remainder when q is divided by 945?
9
Suppose 5*s - 122 = 308. What is the remainder when (995/(-18) + (-40)/180)*(-90)/27 is divided by s?
13
Calculate the remainder when ((-945)/30 + 8)*-14 is divided by 97.
38
Suppose 2*w + 138 - 1118 = 3*d, w - 4*d - 480 = 0. What is the remainder when w is divided by 6?
4
Suppose 2*o - 4*o = -8. Calculate the remainder when 1/o + (-1275)/(-20) is divided by (1 - -8) + (30/95)/(45/1140).
13
Suppose -5*n - 3*a = 6 - 56, 5*n + 2*a = 50. What is the remainder when 2238 is divided by n?
8
Suppose 0 = -3*y + 2*y. Suppose -2*w + 5*w - 12 = y, -4*w - 65 = -3*c. Calculate the remainder when 710/(-90) + 8 + 1374/27 is divided by c.
24
Suppose -2*i + 174*j = 175*j - 61, 28 = 4*j. What is the remainder when 360 is divided by i?
9
What is the remainder when (1 + 22/(-18))/((-3)/(-3 + 3756)) is divided by 38?
12
Suppose -u - b - 4*b + 26 = 0, b = 5*u - 26. Let m(y) = 29*y - 153. What is the remainder when 37 is divided by m(u)?
16
Suppose -33 + 13 = -5*l. Let x(m) = -m + 5. Let z be x(l). What is the remainder when 9 + -10 - z/1*-3 is divided by 1?
0
Suppose -29*h = -62 - 286. What is the remainder when (-1368)/(-6)*4/h is divided by 11?
10
Let s(c) = -c + 40. Calculate the remainder when s(30) is divided by 15/(-4)*(-48)/36.
0
Let p(g) = g**2 - 10*g + 23. Suppose 23*o - 20*o - 303 = 0. Calculate the remainder when o is divided by p(10).
9
Suppose n - 233 = -w, -n + 2*n = w - 223. What is the remainder when w is divided by 434/336*24 + 1*2?
30
Let g(w) = w**3 + 9*w**2 + 6*w - 2. Let c be g(-8). Suppose c = -2*b + 68. What is the remainder when 161 is divided by b?
26
Let r = -5091 - -5437. Calculate the remainder when r is divided by 134.
78
Let z(n) = 2*n**2 + 2. Let v be z(1). Suppose -o - o = 5*c - 193, 4*c = v*o + 160. Calculate the remainder when 310 is divided by c.
37
Let v be 2 - 7/((-35)/(-775)). Let y = v + 170. Calculate the remainder when 98 is divided by y.
13
Let h(b) = -10*b + 0 + 33 + 2*b. What is the remainder when h(-6) is divided by 7?
4
Suppose 5*b = -4*f - 9, 0 = 3*f + 5*b + 9 + 4. Suppose -f*u + 1056 = -3*g, -8 = -g - 4. Calculate the remainder when u is divided by 10.
7
Suppose -o - 59 + 63 = 0. Suppose -15*w + 175 + 80 = 0. What is the remainder when w is divided by o?
1
Suppose 330*j - 132988 = -32338. What is the remainder when j is divided by 91?
32
Let b(j) = -10*j**3 + 14*j**2 + 30*j - 21. What is the remainder when b(-4) is divided by 722?
1
Let h = 91 + -91. Suppose h = -5*n - 1 + 11. Suppose p - 5 = n. What is the remainder when 11 is divided by p?
4
Suppose -7*f + 362 = -2*f + 2*v, 3*f + 3*v - 210 = 0. Let b(g) = -g**3 + 14*g**2 - 25*g + 91. Calculate the remainder when b(12) is divided by f.
5
Let x(h) = -7*h - 4. Let m(a) = -3*a - 13. Let f be m(-6). Suppose 22 = f*u - 223. Calculate the remainder when u is divided by x(-3).
15
Suppose 0 = -18*x + 828 - 72. Calculate the remainder when 320 is divided by x.
26
Let v(k) = -5*k - 11. Let l(s) = -s - 8. Let u be l(0). Let z(g) = g**2 - 8*g + 31. What is the remainder when v(u) is divided by z(5)?
13
Let d be ((-30)/7)/(7/(-343)). Let u = 2 + d. What is the remainder when u is divided by 36?
32
Let s(d) = -2*d - 8. Suppose -5*r - 12*u = -5*u + 9, -8 = 4*u. What is the remainder when s(-14) is divided by r?
0
Suppose 0 = 2*n - t - 14 - 7, -4*t = -20. What is the remainder when 147 is divided by n?
4
Let s(d) = d**2 - 192*d - 3231. Calculate the remainder when s(-18) is divided by 131.
25
Let k be 8/(-28) + (-46)/(-14). Suppose 4*h - 166 = k*h. What is the remainder when h is divided by 28?
26
Suppose -3*c + 406 = l - 90, -2*c + 348 